{"id":983,"date":"2022-05-18T14:42:20","date_gmt":"2022-05-18T14:42:20","guid":{"rendered":"https:\/\/vlap.fr\/labrassviedejupilles\/?page_id=983"},"modified":"2025-07-13T16:40:05","modified_gmt":"2025-07-13T16:40:05","slug":"brassarts","status":"publish","type":"page","link":"https:\/\/vlap.fr\/labrassviedejupilles\/brassarts\/","title":{"rendered":"Brass&rsquo;arts"},"content":{"rendered":"\n<p style=\"font-size:18px\">A la question&nbsp;: \u00ab&nbsp;Et toi tu fais quoi&nbsp;?&nbsp;\u00bb, nous sommes toujours surpris.e.s du nombre d\u2019adh\u00e9rent.e.s qui r\u00e9pond : de la peinture, du tricot, de la sculpture, des scoubidous, etc. <\/p>\n\n\n\n<p style=\"font-size:18px\">Le cercle expo est joyeux de vous donner une nouvelle fois l\u2019occasion d\u2019exposer&nbsp;!<\/p>\n\n\n\n<h2 class=\"wp-block-heading\">2025<\/h2>\n\n\n\n<hr class=\"wp-block-separator aligncenter has-alpha-channel-opacity is-style-wide\"\/>\n\n\n\n<p><strong>Du dimanche 29 juin au dimanche 24 ao\u00fbt<\/strong><\/p>\n\n\n\n<p>Chaque adh\u00e9rent.e peut apporter <strong>une <\/strong>de ses cr\u00e9ations du 22 au 28 juin.<\/p>\n\n\n\n<p><strong>Vernissage le dimanche 29 juin \u00e0 11h<\/strong><\/p>\n\n\n\n<p>D\u00e9poser vos productions au premier \u00e9tage, indiquer dans le cahier situ\u00e9 sur la table&nbsp;: nom, pr\u00e9nom, titre de l\u2019\u0153uvre et moyen de vous joindre.<\/p>\n\n\n\n<p>Pour nous contacter&nbsp;: 06&nbsp;88&nbsp;15&nbsp;13&nbsp;30.<\/p>\n\n\n\n<figure class=\"wp-block-image size-large\"><img loading=\"lazy\" decoding=\"async\" width=\"722\" height=\"1024\" src=\"https:\/\/vlap.fr\/labrassviedejupilles\/wp-content\/uploads\/2025\/07\/Brassarts-2025-722x1024.jpg\" alt=\"\" class=\"wp-image-2740\" srcset=\"https:\/\/vlap.fr\/labrassviedejupilles\/wp-content\/uploads\/2025\/07\/Brassarts-2025-722x1024.jpg 722w, https:\/\/vlap.fr\/labrassviedejupilles\/wp-content\/uploads\/2025\/07\/Brassarts-2025-211x300.jpg 211w, https:\/\/vlap.fr\/labrassviedejupilles\/wp-content\/uploads\/2025\/07\/Brassarts-2025-768x1089.jpg 768w, https:\/\/vlap.fr\/labrassviedejupilles\/wp-content\/uploads\/2025\/07\/Brassarts-2025-1083x1536.jpg 1083w, https:\/\/vlap.fr\/labrassviedejupilles\/wp-content\/uploads\/2025\/07\/Brassarts-2025.jpg 1166w\" sizes=\"auto, (max-width: 722px) 100vw, 722px\" \/><\/figure>\n\n\n\n<h2 class=\"wp-block-heading\">2024<\/h2>\n\n\n\n<hr class=\"wp-block-separator aligncenter has-alpha-channel-opacity is-style-wide\"\/>\n\n\n\n<p><strong>Du dimanche 16 juin au dimanche 25 ao\u00fbt<\/strong><\/p>\n\n\n\n<p>Apporter une de vos cr\u00e9ations la semaine du 9 au 15 juin *<\/p>\n\n\n\n<p><strong>Vernissage le dimanche 16 juin \u00e0 11h<\/strong><\/p>\n\n\n\n<p>* Si nous ne sommes pas pr\u00e9sent.e.s, d\u00e9poser vos productions au premier \u00e9tage, indiquer dans le cahier&nbsp;: votre nom, pr\u00e9nom, titre de l\u2019\u0153uvre, et moyen de vous joindre.<\/p>\n\n\n\n<p>Pour nous contacter&nbsp;: <a href=\"mailto:cerclexpo@laposte.net\"><strong>cerclexpo@laposte.net<\/strong><\/a><\/p>\n\n\n\n<figure class=\"wp-block-image size-large\"><img loading=\"lazy\" decoding=\"async\" width=\"724\" height=\"1024\" src=\"https:\/\/vlap.fr\/labrassviedejupilles\/wp-content\/uploads\/2025\/07\/Brassarts-2024-724x1024.jpg\" alt=\"\" class=\"wp-image-2744\" srcset=\"https:\/\/vlap.fr\/labrassviedejupilles\/wp-content\/uploads\/2025\/07\/Brassarts-2024-724x1024.jpg 724w, https:\/\/vlap.fr\/labrassviedejupilles\/wp-content\/uploads\/2025\/07\/Brassarts-2024-212x300.jpg 212w, https:\/\/vlap.fr\/labrassviedejupilles\/wp-content\/uploads\/2025\/07\/Brassarts-2024-768x1086.jpg 768w, https:\/\/vlap.fr\/labrassviedejupilles\/wp-content\/uploads\/2025\/07\/Brassarts-2024.jpg 794w\" sizes=\"auto, (max-width: 724px) 100vw, 724px\" \/><\/figure>\n\n\n\n<h2 class=\"wp-block-heading\">2023<\/h2>\n\n\n\n<hr class=\"wp-block-separator aligncenter has-alpha-channel-opacity is-style-wide\"\/>\n\n\n\n<p>En \u00e9changeant \u00e0 la Brass\u2019vie, nous avons \u00e9t\u00e9 surprises du nombre d\u2019adh\u00e9rent\u00b7e.s ayant des pratiques cr\u00e9atrices : peinture, sculpture, tricot, \u00e9b\u00e9nisterie, tissage, etc.<\/p>\n\n\n\n<p>C\u2019\u00e9tait joyeux et \u00e9tonnant de voir toutes ces r\u00e9alisations en 2022 et c\u2019est pour cette raison que nous sommes bien d\u00e9cid\u00e9es \u00e0 recommencer chaque ann\u00e9e au mois de juin cette pr\u00e9sentation de nos savoirs-cr\u00e9er.<\/p>\n\n\n\n<p>L&rsquo;\u00e9quipe brass&rsquo;arts <a href=\"mailto:brassarts@laposte.net\">brassarts@laposte.net<\/a><\/p>\n\n\n\n<h2 class=\"wp-block-heading\">2022<\/h2>\n\n\n\n<hr class=\"wp-block-separator aligncenter has-alpha-channel-opacity is-style-wide\"\/>\n\n\n\n<p>L&rsquo;expo a eu lieu du dimanche 19 juin \u00e0 11h au dimanche 3 juillet dans la salle du premier \u00e9tage.<\/p>\n\n\n\n<p>Nous avons propos\u00e9 3 cr\u00e9neaux pour apporter les cr\u00e9ations de toutes sortes.<\/p>\n\n\n\n<ul class=\"wp-block-list\">\n<li>le dimanche 12 juin le matin,<\/li>\n\n\n\n<li>le lundi 13 juin de 10h \u00e0 12h,<\/li>\n\n\n\n<li>le vendredi 17 juin \u00e0 14h (jour d&rsquo;accrochage)<\/li>\n<\/ul>\n\n\n\n<figure class=\"wp-block-image size-large\"><img loading=\"lazy\" decoding=\"async\" width=\"710\" height=\"1024\" src=\"https:\/\/vlap.fr\/labrassviedejupilles\/wp-content\/uploads\/2022\/05\/brassarts-710x1024.jpg\" alt=\"\" class=\"wp-image-984\" srcset=\"https:\/\/vlap.fr\/labrassviedejupilles\/wp-content\/uploads\/2022\/05\/brassarts-710x1024.jpg 710w, https:\/\/vlap.fr\/labrassviedejupilles\/wp-content\/uploads\/2022\/05\/brassarts-208x300.jpg 208w, https:\/\/vlap.fr\/labrassviedejupilles\/wp-content\/uploads\/2022\/05\/brassarts-768x1107.jpg 768w, https:\/\/vlap.fr\/labrassviedejupilles\/wp-content\/uploads\/2022\/05\/brassarts-1066x1536.jpg 1066w, https:\/\/vlap.fr\/labrassviedejupilles\/wp-content\/uploads\/2022\/05\/brassarts.jpg 1319w\" sizes=\"auto, (max-width: 710px) 100vw, 710px\" \/><\/figure>\n","protected":false},"excerpt":{"rendered":"<p>A la question&nbsp;: \u00ab&nbsp;Et toi tu fais quoi&nbsp;?&nbsp;\u00bb, nous sommes toujours surpris.e.s du nombre d\u2019adh\u00e9rent.e.s qui r\u00e9pond : de la peinture, du tricot, de la sculpture, des scoubidous, etc. Le cercle expo est joyeux de vous donner une nouvelle fois l\u2019occasion d\u2019exposer&nbsp;! 2025 Du dimanche 29 juin au dimanche 24 ao\u00fbt Chaque adh\u00e9rent.e peut apporter &hellip; <\/p>\n<p class=\"link-more\"><a href=\"https:\/\/vlap.fr\/labrassviedejupilles\/brassarts\/\" class=\"more-link\">Continuer la lecture<span class=\"screen-reader-text\"> de &laquo;&nbsp;Brass&rsquo;arts&nbsp;&raquo;<\/span><\/a><\/p>\n","protected":false},"author":1,"featured_media":0,"parent":0,"menu_order":0,"comment_status":"closed","ping_status":"closed","template":"","meta":{"footnotes":""},"class_list":["post-983","page","type-page","status-publish","hentry"],"_links":{"self":[{"href":"https:\/\/vlap.fr\/labrassviedejupilles\/wp-json\/wp\/v2\/pages\/983","targetHints":{"allow":["GET"]}}],"collection":[{"href":"https:\/\/vlap.fr\/labrassviedejupilles\/wp-json\/wp\/v2\/pages"}],"about":[{"href":"https:\/\/vlap.fr\/labrassviedejupilles\/wp-json\/wp\/v2\/types\/page"}],"author":[{"embeddable":true,"href":"https:\/\/vlap.fr\/labrassviedejupilles\/wp-json\/wp\/v2\/users\/1"}],"replies":[{"embeddable":true,"href":"https:\/\/vlap.fr\/labrassviedejupilles\/wp-json\/wp\/v2\/comments?post=983"}],"version-history":[{"count":14,"href":"https:\/\/vlap.fr\/labrassviedejupilles\/wp-json\/wp\/v2\/pages\/983\/revisions"}],"predecessor-version":[{"id":2747,"href":"https:\/\/vlap.fr\/labrassviedejupilles\/wp-json\/wp\/v2\/pages\/983\/revisions\/2747"}],"wp:attachment":[{"href":"https:\/\/vlap.fr\/labrassviedejupilles\/wp-json\/wp\/v2\/media?parent=983"}],"curies":[{"name":"wp","href":"https:\/\/api.w.org\/{rel}","templated":true}]}}

<p style="font-size:18px">A la question&nbsp;: «&nbsp;Et toi tu fais quoi&nbsp;?&nbsp;», nous sommes toujours surpris.e.s du nombre d’adhérent.e.s qui répond : de la peinture, du tricot, de la sculpture, des scoubidous, etc. </p>



<p style="font-size:18px">Le cercle expo est joyeux de vous donner une nouvelle fois l’occasion d’exposer&nbsp;!</p>



<h2 class="wp-block-heading">2025</h2>



<hr class="wp-block-separator aligncenter has-alpha-channel-opacity is-style-wide"/>



<p><strong>Du dimanche 29 juin au dimanche 24 août</strong></p>



<p>Chaque adhérent.e peut apporter <strong>une </strong>de ses créations du 22 au 28 juin.</p>



<p><strong>Vernissage le dimanche 29 juin à 11h</strong></p>



<p>Déposer vos productions au premier étage, indiquer dans le cahier situé sur la table&nbsp;: nom, prénom, titre de l’œuvre et moyen de vous joindre.</p>



<p>Pour nous contacter&nbsp;: 06&nbsp;88&nbsp;15&nbsp;13&nbsp;30.</p>



<figure class="wp-block-image size-large"><img loading="lazy" decoding="async" width="722" height="1024" src="https://vlap.fr/labrassviedejupilles/wp-content/uploads/2025/07/Brassarts-2025-722x1024.jpg" alt="" class="wp-image-2740" srcset="https://vlap.fr/labrassviedejupilles/wp-content/uploads/2025/07/Brassarts-2025-722x1024.jpg 722w, https://vlap.fr/labrassviedejupilles/wp-content/uploads/2025/07/Brassarts-2025-211x300.jpg 211w, https://vlap.fr/labrassviedejupilles/wp-content/uploads/2025/07/Brassarts-2025-768x1089.jpg 768w, https://vlap.fr/labrassviedejupilles/wp-content/uploads/2025/07/Brassarts-2025-1083x1536.jpg 1083w, https://vlap.fr/labrassviedejupilles/wp-content/uploads/2025/07/Brassarts-2025.jpg 1166w" sizes="auto, (max-width: 722px) 100vw, 722px" /></figure>



<h2 class="wp-block-heading">2024</h2>



<hr class="wp-block-separator aligncenter has-alpha-channel-opacity is-style-wide"/>



<p><strong>Du dimanche 16 juin au dimanche 25 août</strong></p>



<p>Apporter une de vos créations la semaine du 9 au 15 juin *</p>



<p><strong>Vernissage le dimanche 16 juin à 11h</strong></p>



<p>* Si nous ne sommes pas présent.e.s, déposer vos productions au premier étage, indiquer dans le cahier&nbsp;: votre nom, prénom, titre de l’œuvre, et moyen de vous joindre.</p>



<p>Pour nous contacter&nbsp;: <a href="mailto:cerclexpo@laposte.net"><strong>cerclexpo@laposte.net</strong></a></p>



<figure class="wp-block-image size-large"><img loading="lazy" decoding="async" width="724" height="1024" src="https://vlap.fr/labrassviedejupilles/wp-content/uploads/2025/07/Brassarts-2024-724x1024.jpg" alt="" class="wp-image-2744" srcset="https://vlap.fr/labrassviedejupilles/wp-content/uploads/2025/07/Brassarts-2024-724x1024.jpg 724w, https://vlap.fr/labrassviedejupilles/wp-content/uploads/2025/07/Brassarts-2024-212x300.jpg 212w, https://vlap.fr/labrassviedejupilles/wp-content/uploads/2025/07/Brassarts-2024-768x1086.jpg 768w, https://vlap.fr/labrassviedejupilles/wp-content/uploads/2025/07/Brassarts-2024.jpg 794w" sizes="auto, (max-width: 724px) 100vw, 724px" /></figure>



<h2 class="wp-block-heading">2023</h2>



<hr class="wp-block-separator aligncenter has-alpha-channel-opacity is-style-wide"/>



<p>En échangeant à la Brass’vie, nous avons été surprises du nombre d’adhérent·e.s ayant des pratiques créatrices : peinture, sculpture, tricot, ébénisterie, tissage, etc.</p>



<p>C’était joyeux et étonnant de voir toutes ces réalisations en 2022 et c’est pour cette raison que nous sommes bien décidées à recommencer chaque année au mois de juin cette présentation de nos savoirs-créer.</p>



<p>L&rsquo;équipe brass&rsquo;arts <a href="mailto:brassarts@laposte.net">brassarts@laposte.net</a></p>



<h2 class="wp-block-heading">2022</h2>



<hr class="wp-block-separator aligncenter has-alpha-channel-opacity is-style-wide"/>



<p>L&rsquo;expo a eu lieu du dimanche 19 juin à 11h au dimanche 3 juillet dans la salle du premier étage.</p>



<p>Nous avons proposé 3 créneaux pour apporter les créations de toutes sortes.</p>



<ul class="wp-block-list">
<li>le dimanche 12 juin le matin,</li>



<li>le lundi 13 juin de 10h à 12h,</li>



<li>le vendredi 17 juin à 14h (jour d&rsquo;accrochage)</li>
</ul>



<figure class="wp-block-image size-large"><img loading="lazy" decoding="async" width="710" height="1024" src="https://vlap.fr/labrassviedejupilles/wp-content/uploads/2022/05/brassarts-710x1024.jpg" alt="" class="wp-image-984" srcset="https://vlap.fr/labrassviedejupilles/wp-content/uploads/2022/05/brassarts-710x1024.jpg 710w, https://vlap.fr/labrassviedejupilles/wp-content/uploads/2022/05/brassarts-208x300.jpg 208w, https://vlap.fr/labrassviedejupilles/wp-content/uploads/2022/05/brassarts-768x1107.jpg 768w, https://vlap.fr/labrassviedejupilles/wp-content/uploads/2022/05/brassarts-1066x1536.jpg 1066w, https://vlap.fr/labrassviedejupilles/wp-content/uploads/2022/05/brassarts.jpg 1319w" sizes="auto, (max-width: 710px) 100vw, 710px" /></figure>

<p>A la question&nbsp;: «&nbsp;Et toi tu fais quoi&nbsp;?&nbsp;», nous sommes toujours surpris.e.s du nombre d’adhérent.e.s qui répond : de la peinture, du tricot, de la sculpture, des scoubidous, etc. Le cercle expo est joyeux de vous donner une nouvelle fois l’occasion d’exposer&nbsp;! 2025 Du dimanche 29 juin au dimanche 24 août Chaque adhérent.e peut apporter &hellip; </p>
<p class="link-more"><a href="https://vlap.fr/labrassviedejupilles/brassarts/" class="more-link">Continuer la lecture<span class="screen-reader-text"> de &laquo;&nbsp;Brass&rsquo;arts&nbsp;&raquo;</span></a></p>
