{"id":2909,"date":"2026-04-26T10:25:59","date_gmt":"2026-04-26T10:25:59","guid":{"rendered":"https:\/\/vlap.fr\/labrassviedejupilles\/?page_id=2909"},"modified":"2026-04-26T16:55:50","modified_gmt":"2026-04-26T16:55:50","slug":"protocole-agressions","status":"publish","type":"page","link":"https:\/\/vlap.fr\/labrassviedejupilles\/protocole-agressions\/","title":{"rendered":"Protocole agressions"},"content":{"rendered":"\n<p>Version non finalis\u00e9e<\/p>\n\n\n\n<p>Sur les soir\u00e9es \u00e0 risque\u00a0(chaque samedi soir &#8211; soir\u00e9e festives)\u00a0:<br>&#8211; D\u00e9signer au moins deux personnes r\u00e9f\u00e9rentes, sobres et vigilantes.<br>&#8211; Distribuer le flyer \u00ab\u00a0t\u00e9moin \u2013 alerte &#8211; Angela\u00a0\u00bb<br>Sur les autres moments ou en cas de besoin\u00a0: appeler les b\u00e9n\u00e9voles d\u2019urgences.<\/p>\n\n\n\n<p>Demander \u00ab&nbsp;Angela&nbsp;\u00bb au bar est un signal d\u2019alarme&nbsp;: alerter les b\u00e9n\u00e9voles r\u00e9f\u00e9rents, identifier l\u2019agresseur, r\u00e9agir.<\/p>\n\n\n\n<p>Ne laisser partir personne non s\u00e9curis\u00e9e\u00a0: S&rsquo;assurer qu&rsquo;elle ne rentre pas seule jusqu&rsquo;\u00e0 chez elle. Donner le num\u00e9ro de t\u00e9l\u00e9phone d&rsquo;une r\u00e9f\u00e9rente ou de <em>solidarit\u00e9 femme 72<\/em> : 02 43 78 12 75. <\/p>\n\n\n\n<p><strong>Les \u00e9tapes graduelles\u00a0:<\/strong><br><strong>&#8211; Mettre la \/ les personnes emb\u00eat\u00e9es en s\u00e9curit\u00e9.<\/strong><br><strong>&#8211; Parler \u00e0 l&rsquo;autre personne\u00a0: \u00ab\u00a0des t\u00e9moins te d\u00e9crivent comme agressif. Ceci n\u2019est pas discutable. Nous te demandons de sortir.\u00a0\u00bb<\/strong><br><strong>&#8211; Stopper la musique, stopper la soir\u00e9e, expliquer au groupe, prendre une d\u00e9cision collective.<\/strong><br><strong>&#8211; Appeler la police\/gendarmerie (17)<\/strong><br>&#8211; N\u2019appeler le Samu que si blessure ou perte de connaissance.<\/p>\n\n\n\n<p><strong>B\u00e9n\u00e9vole d\u2019urgence\u00a0:<\/strong><br>Pascal 07 66 11 73 87 \/ Joakim 07 74 33 12 43<br>Yoan 06 79 64 23 34 \/ \u00c9ric 06 47 83 24 32<br>Demander \u00e0 des femmes d&rsquo;\u00eatre b\u00e9n\u00e9vole r\u00e9f\u00e9rente : S ? C ? F ? <\/p>\n\n\n\n<p>Suites\u00a0:<br>La personne ayant \u00e9t\u00e9 identifi\u00e9e comme agresseur est exclue du lieu de mani\u00e8re pr\u00e9ventive. Elle doit \u00eatre confront\u00e9e \u00e0 ses actes\u00a0avant d\u2019y \u00eatre r\u00e9-accept\u00e9e : le b\u00e9n\u00e9vole pr\u00e9sent peut appeler un des b\u00e9n\u00e9voles d\u2019urgence pour g\u00e9rer \u00e0 sa place.<\/p>\n\n\n\n<hr class=\"wp-block-separator has-alpha-channel-opacity\"\/>\n\n\n\n<p>\u00c0 distribuer \u00e0 l&rsquo;entr\u00e9e en soir\u00e9e : <\/p>\n\n\n\n<p><em>Vous \u00eates t\u00e9moin ou victime d\u2019agression ou de ce qui pourrait le devenir&nbsp;? Signalez-le&nbsp;! Au bar, demander \u00ab&nbsp;Angela&nbsp;\u00bb&nbsp;est un signal d\u2019alarme. Soyons vigilantes les un\u00b7es pour les autres, parlons de ce dont nous sommes t\u00e9moins. Ne quittons pas la soir\u00e9e sans alerter.<\/em><\/p>\n\n\n\n<figure class=\"wp-block-image size-full\"><img loading=\"lazy\" decoding=\"async\" width=\"779\" height=\"518\" src=\"https:\/\/vlap.fr\/labrassviedejupilles\/wp-content\/uploads\/2026\/04\/angela_news_image_top.png\" alt=\"\" class=\"wp-image-2910\" srcset=\"https:\/\/vlap.fr\/labrassviedejupilles\/wp-content\/uploads\/2026\/04\/angela_news_image_top.png 779w, https:\/\/vlap.fr\/labrassviedejupilles\/wp-content\/uploads\/2026\/04\/angela_news_image_top-300x199.png 300w, https:\/\/vlap.fr\/labrassviedejupilles\/wp-content\/uploads\/2026\/04\/angela_news_image_top-768x511.png 768w\" sizes=\"auto, (max-width: 767px) 89vw, (max-width: 1000px) 54vw, (max-width: 1071px) 543px, 580px\" \/><\/figure>\n","protected":false},"excerpt":{"rendered":"<p>Version non finalis\u00e9e Sur les soir\u00e9es \u00e0 risque\u00a0(chaque samedi soir &#8211; soir\u00e9e festives)\u00a0:&#8211; D\u00e9signer au moins deux personnes r\u00e9f\u00e9rentes, sobres et vigilantes.&#8211; Distribuer le flyer \u00ab\u00a0t\u00e9moin \u2013 alerte &#8211; Angela\u00a0\u00bbSur les autres moments ou en cas de besoin\u00a0: appeler les b\u00e9n\u00e9voles d\u2019urgences. Demander \u00ab&nbsp;Angela&nbsp;\u00bb au bar est un signal d\u2019alarme&nbsp;: alerter les b\u00e9n\u00e9voles r\u00e9f\u00e9rents, identifier &hellip; <\/p>\n<p class=\"link-more\"><a href=\"https:\/\/vlap.fr\/labrassviedejupilles\/protocole-agressions\/\" class=\"more-link\">Continuer la lecture<span class=\"screen-reader-text\"> de &laquo;&nbsp;Protocole agressions&nbsp;&raquo;<\/span><\/a><\/p>\n","protected":false},"author":1,"featured_media":0,"parent":0,"menu_order":0,"comment_status":"closed","ping_status":"closed","template":"","meta":{"footnotes":""},"class_list":["post-2909","page","type-page","status-publish","hentry"],"_links":{"self":[{"href":"https:\/\/vlap.fr\/labrassviedejupilles\/wp-json\/wp\/v2\/pages\/2909","targetHints":{"allow":["GET"]}}],"collection":[{"href":"https:\/\/vlap.fr\/labrassviedejupilles\/wp-json\/wp\/v2\/pages"}],"about":[{"href":"https:\/\/vlap.fr\/labrassviedejupilles\/wp-json\/wp\/v2\/types\/page"}],"author":[{"embeddable":true,"href":"https:\/\/vlap.fr\/labrassviedejupilles\/wp-json\/wp\/v2\/users\/1"}],"replies":[{"embeddable":true,"href":"https:\/\/vlap.fr\/labrassviedejupilles\/wp-json\/wp\/v2\/comments?post=2909"}],"version-history":[{"count":6,"href":"https:\/\/vlap.fr\/labrassviedejupilles\/wp-json\/wp\/v2\/pages\/2909\/revisions"}],"predecessor-version":[{"id":2917,"href":"https:\/\/vlap.fr\/labrassviedejupilles\/wp-json\/wp\/v2\/pages\/2909\/revisions\/2917"}],"wp:attachment":[{"href":"https:\/\/vlap.fr\/labrassviedejupilles\/wp-json\/wp\/v2\/media?parent=2909"}],"curies":[{"name":"wp","href":"https:\/\/api.w.org\/{rel}","templated":true}]}}