{"id":2234,"date":"2025-05-25T19:43:31","date_gmt":"2025-05-25T19:43:31","guid":{"rendered":"https:\/\/vlap.fr\/labrassviedejupilles\/?page_id=2234"},"modified":"2025-05-25T19:43:31","modified_gmt":"2025-05-25T19:43:31","slug":"rencontre-avec-edgar-mora","status":"publish","type":"page","link":"https:\/\/vlap.fr\/labrassviedejupilles\/rencontre-avec-edgar-mora\/","title":{"rendered":"Rencontre avec Edgar Mora"},"content":{"rendered":"\n<p>La vendredi 23 mai 2025.<\/p>\n\n\n\n<p>Voici une prise de notes faite en direct. Merci \u00e0 la scriptrice !<\/p>\n\n\n\n<p>Edgar Mora, ancien ministre de l&rsquo;\u00e9ducation au Costa Rica et maire de Curridabat, une ville o\u00f9 il a fait reconna\u00eetre un statut de citoyennet\u00e9 aux abeilles. Ceci et ses autres actions lui ont valu d&rsquo;\u00eatre reconnu et r\u00e9compens\u00e9 au niveau international.La population est d&rsquo;environ 34 000 habitants. La ville est la capitale du canton de Curridabat.<\/p>\n\n\n\n<p>Edgar Mora est invit\u00e9 par S\u00e9verine Carrez, docteure en droit de l&rsquo;environnement et pr\u00e9sidente de <a href=\"http:\/\/negociation-ecologique.fr\/index.php\/rd\/\" target=\"_blank\" rel=\"noreferrer noopener\">l&rsquo;institut INN\u00c9<\/a>. (Institut International pour la N\u00e9gociation \u00c9cologique )<\/p>\n\n\n\n<p>Polliniser\u2026 improvisation<\/p>\n\n\n\n<p>Si on pouvait regrouper tous les sites urbanis\u00e9s grands ou petits , 100 000 villes, on occuperait un 2&nbsp;% du territoire \u00e9quivalent \u00e0 la surface du Texas mais elle sollicite 100&nbsp;% de la capacit\u00e9 de la plan\u00e8te. Un \u00e9quilibre entre notre \u0153uvre humaine et le reste des \u00eatres est n\u00e9cessaire.<\/p>\n\n\n\n<p>Dans le cadre de ma ville o\u00f9 j\u2019ai \u00e9t\u00e9 maire pendant 12 ans&nbsp;: comment fera ma ville qui aulieu d\u2019oter des valeurs \u00e0 la plan\u00e8te en ajoutera&nbsp;: pas facile d\u2019y r\u00e9pondre.<\/p>\n\n\n\n<p>Ce n\u2019est pas une question qui est pos\u00e9e dans les diff\u00e9rents domaines des gestion d\u2019une ville.<\/p>\n\n\n\n<p>Au d\u00e9but de la r\u00e9union un bourdon est venu se poser sur Edgar Mora, en Costa-ricain Chiquiz\u00e0 qui veut dire messager\u2026<\/p>\n\n\n\n<p>Rajouter de la valeur plut\u00f4t que d\u2019en enlever.<\/p>\n\n\n\n<p>Dans le cour de sa maison, s\u2019est pos\u00e9 un colibri&#8230;Il a compris que malgr\u00e9 la fa\u00e7on de parler il n\u2019\u00e9tait pas entendu&nbsp;: Edgar a r\u00e9pondu en faisant une blague&nbsp;:&nbsp;\u00bbje lui ai demand\u00e9 avec cynisme&nbsp;:&nbsp;\u00bbveux-tu que je vole derri\u00e8re ou rester en position immobile&nbsp;?&nbsp;\u00bb\u2026<\/p>\n\n\n\n<p>Il a r\u00e9pondu&nbsp;: non- je veux que tu apporte des valeurs chaque jour, chaque heure, chaque minute et il s\u2019en est all\u00e9\u2026.<\/p>\n\n\n\n<p>J\u2019ai compris que ma recherche sur comment ajouter de la valeur, on ne la trouverait pas entre nous. On prend de la nature \u00e0 absorber selon un mod\u00e8le sans voir les rythmes, les \u00e9chelles de la nature.<\/p>\n\n\n\n<p>Nous, l\u2019herbe, les arbres\u2026.tout ce que comprend la nature a une configuration de temps, d\u2019\u00e9chelle, de rythme. On a appris beaucoup d\u2019un dialogue multi-esp\u00e8ce.<\/p>\n\n\n\n<p>Nous sommes une esp\u00e8ce jeune. IL y a des esp\u00e8ces qui datent de millions d\u2019ann\u00e9es.On observe la roue. On ne la cr\u00e9\u00e9 pas. On n\u2019a pas invent\u00e9 le r\u00e9seau hydrique pas avant le castor.<\/p>\n\n\n\n<p>Nous sommes une des derni\u00e8res esp\u00e8ces \u00e0 construire nos maisons. On ne peut comparer les n\u00f4tres \u00e0 celles des araign\u00e9es qui nous fascinent et ont un rythme et des \u00e9chelles superbes et fonctionnels.<\/p>\n\n\n\n<p>Nous ne savons pas tant de choses. Nous avons arr\u00eat\u00e9 de dialoguer. C\u2019est probable que vous pensiez que je suis capable d\u2019\u00e9couter le colibri parce que je viens du Costa Rica. Pourtant je ne connais rien de la vie des indig\u00e8nes.Je suis capable d\u2019estimer les esp\u00e8ces messag\u00e8res d\u2019une perspective r\u00e9alisable et non fantaisiste. Avec l\u2019id\u00e9e d\u2019avoir des alliances multi-esp\u00e8ces (nature-mati\u00e8re), on peut accentuer la promotion mystique dans sa culture. Jamais on ne s\u2019est pos\u00e9 la question de s\u2019interconnecter pas par la spiritualit\u00e9 , la culture mais du fait de la science (via le microscope)&#8230;Depuis, la connaissance des esp\u00e8ces s\u2019est d\u00e9multipli\u00e9e.<\/p>\n\n\n\n<p>Dans une des conf\u00e9rences d\u2019Edgar Mora, il est parti d\u2019un exemple hydrologique&nbsp;: le fait d\u2019\u00eatre une goutte d\u2019eau&#8230;un ing\u00e9nieur lui demande \u00ab&nbsp; comment faites vous&nbsp;?&nbsp;\u00bbC\u2019est facile de la faire&nbsp;; on peut faire un jumeau en 3D Mais comment ajouter une valeur&nbsp;? Notre syst\u00e8me est fr\u00e9n\u00e9tique dans le sens d\u2019ajouter du nombre, maximiser&#8230;En suivant cette \u00e9chelle, on ne peut ajouter. On savait qu\u2019au m\u00eame endroit et au m\u00eame temps que notre syst\u00e8me fonctionne un autre fonctionnement est celui de la pollinisation. Les pollinisateurs ont p\u00e9n\u00e9tr\u00e9 dans un autre syst\u00e8me&#8230;Les jardiniers sont orgueilleux de leur jardin alors que ce sont les pollinisateurs qui font le travail. Pendant que nous absorbons des \u00e9nergies, eux en produisent. Comment rajouter de la valeur&nbsp;? Il faut la poser aux pollinisateurs. Recueillir l\u2019info des pollinisateurs pour conna\u00eetre l\u2019impact sur l\u2019urbanisme, l\u2019architecture, la mani\u00e8re d\u2019administrer notre ville. Dans le syst\u00e8me de pollinisation territorial, le pollinisateur vit avec les autres mais l\u2019espace est divis\u00e9 en tranches horaires. On a beaucoup \u00e0 apprendre, Non en regardant New York. Quand on commence \u00e0 faire descendre les syst\u00e8mes de pollinisation dans un lieu, une des premi\u00e8res choses que l\u2019on constate&nbsp;: la propri\u00e9t\u00e9 n\u2019existe pas&nbsp;: peu importe o\u00f9, espace public ou priv\u00e9.<\/p>\n\n\n\n<p>L\u2019espace public de la ville est minoritaire&#8230;Il faut convaincre les propri\u00e9taires qu\u2019ils peuvent avoir des abeilles&#8230;Qu\u2019ils doivent en prendre soin. Le lieu de Brass-Vie fait penser \u00e0 Edgar Mora au sens de la propri\u00e9t\u00e9 priv\u00e9e. Cet espace pourrait \u00eatre un lieu o\u00f9 ajouter de la valeur. Ce n\u2019est pas une seule famille qui va profiter du joli jardin. Il y a d\u2019autres habitants qui vont venir et travailler \u00e0 leur mani\u00e8re et transmettre leur message. Il est urgent que les humains trouvent les points d\u2019alliance avec le non-humain.<\/p>\n\n\n\n<p>D\u00e8s que dans sa ville, dans les projets, ils ont int\u00e9gr\u00e9 le Non-humain&nbsp;: le colibri et les jeunes femmes, pour transformer les rues pour qu\u2019il y ait moins de stress\u2026<\/p>\n\n\n\n<p>celle de la goutte d\u2019eau&nbsp;: modifier le syst\u00e8me de r\u00e9cup\u00e9ration hydrique, r\u00e9soudre les probl\u00e8mes d\u2019inondation \u00e0 partir de la meilleure exp\u00e9rience&nbsp;: ce n\u2019est pas de drainer mais que l\u2019eau puisse s\u2019impr\u00e9gner dans le sol.<\/p>\n\n\n\n<p>Apr\u00e8s le recueil des informations, des habitudes, des conduites, mani\u00e8res d\u2019\u00eatre des pollinisateurs, dans leur relation \u00e0 envisager et le traduire dans des planifications humaines respectables pour \u00eatre accept\u00e9es par les organismes de contr\u00f4le, financiers&#8230;L\u2019apport des pollinisateurs \u00e9tant si significatif, leur citoyennet\u00e9 n\u2019est pas une condition mais comme une activit\u00e9. La commune a d\u00e9clar\u00e9 citoyens les pollinisateurs en consid\u00e9rant leur comportement apportant plus de valeur que d\u2019autres citoyens.<\/p>\n\n\n\n<p>Le message du bourdon&nbsp;: Edgar mora a entendu&nbsp;: \u00ab&nbsp;essaye de faire bein cette conf\u00e9rence pour qu\u2019ils me d\u00e9clarent citoyen.<\/p>\n\n\n\n<p><strong>Questions<\/strong><\/p>\n\n\n\n<p>&#8211; quels conseils donneriez vous par rapport \u00e0 notre culture pour acc\u00e9der \u00e0 la capacit\u00e9 de dialoguer avec le non-humain&nbsp;?<\/p>\n\n\n\n<p>La nature communique. Elle ne cache rien. Nous devons d\u00e9velopper notre capacit\u00e9 de la comprendre. Si on fait attention \u00e0 la nature, nous avons la capacit\u00e9 de la comprendre. La m\u00e9thode est une m\u00e9thode scientifique. Il n\u2019y a pas de lien entre la nature et nous. La nature n\u2019a pas d\u2019identit\u00e9. On peut savoir ce qui se passe pour un cours d\u2019eau. Ce n\u2019est pas un probl\u00e8me pour comprendre mais le politique affecte tout ce qui est vuln\u00e9rable. Notre raison de mettre la nature au centre c\u2019est que nous ne sommes pas au centre. Dans ce centre, il y a tr\u00e8s peu de monde. C\u2019est la forme politique qui nous permet d\u2019ignorer la nature et justifier l\u2019ignorance. Ce n\u2019est pas dans la communication, c\u2019est comprendre que la politique est bas\u00e9e sur l\u2019offre et non comme une affaire de demande.<\/p>\n\n\n\n<p>Les municipalit\u00e9s doivent se baser sur les demandes de tous. Si l\u2019on con\u00e7oit la politique de l\u2019offre, les projets seront limit\u00e9s \u00e0 l\u2019offre et pas orient\u00e9s \u00e0 satisfaire les <strong>vrais besoins.<\/strong><\/p>\n\n\n\n<p>En tant que maire, je ne devais pas d\u2019offre&nbsp;: le meilleur mandat que j\u2019ai eu \u00e9tait celui o\u00f9 je n\u2019avais pas de projets. Lorsque j\u2019en ai eu, il y avait des conflits d\u2019int\u00e9r\u00eats.<\/p>\n\n\n\n<p>Ils voulaient un maire qui les \u00e9coute et trouve avec des m\u00e9thodes scientifiques ce qui lui \u00e9tait demand\u00e9. Ce n\u2019est pas le r\u00e9sultat d\u2019une r\u00e9union publique. Que voulez vous&nbsp;? Non<\/p>\n\n\n\n<p>Cela m\u00e8ne \u00e0 une confusion&nbsp;: question \u00e0 laquelle on ne peut r\u00e9pondre. D\u00e9couvrir la demande dans l\u2019opacit\u00e9. Il y a des m\u00e9thodes pour la d\u00e9couvrir avec l\u2019aide de la biologie, l\u2019ethnographie, la psychologie, la rh\u00e9torique\u2026.<\/p>\n\n\n\n<p>Aider \u00e0 d\u00e9couvrir les demandes, les plus n\u00e9cessaires, les d\u00e9crire avec les habitants et les humains. La politique ce n\u2019est pas une relation, c\u2019est une relation avec les gens, avec la nature.<\/p>\n\n\n\n<p>-comp\u00e9tences des animaux constructeurs,<\/p>\n\n\n\n<p>-les araign\u00e9es avec les abris<\/p>\n\n\n\n<p>&#8211; forum de m\u00e9galopolis<\/p>\n\n\n\n<p>Notre unique apport a \u00e9t\u00e9 la ligne droite face \u00e0 l\u2019instinct de domination&nbsp;: on peut s\u2019extraire du reste du monde&#8230;Mais il y a la pression \u00e9conomique. Comment convaincre.<\/p>\n\n\n\n<p>Il ne peut y avoir aucune transformation en aval&nbsp;: les demandes s\u2019\u00e9crivent avec beaucoup de pr\u00e9cision.<\/p>\n\n\n\n<p>Pourquoi a-t-on cr\u00e9\u00e9 des sciences diff\u00e9rentes. Il y a forc\u00e9ment des conflits\/ Edgar Mora dit qu\u2019il y aura toujours une contradiction m\u00e9canique de la prise de d\u00e9cision&#8230;Mais la relation avec la demande est primordiale.<\/p>\n\n\n\n<p>Exemple&nbsp;: le canton de Curridabat dispose d\u2019une centaine de parcs. Ils doivent \u00eatre parcellis\u00e9s&#8230;Il y a une relation entre le dessin, le milieu, son utilisation, on a d\u00e9j\u00e0 dessin\u00e9 un espace plus favorable aux jeunes. Les investissements les moins durables pour les parcs sont le mobilier. Ce n\u2019a pas \u00e9t\u00e9 compris en une seule fois&#8230;Les gens ont dit qu\u2019ils aiment pas aller dans ce parc&nbsp;: en conna\u00eetre les causes. Le maire est charg\u00e9 de comprendre. Il revient \u00e0 la municipalit\u00e9 de chercher avec l\u2019aide des sciences\u2026<\/p>\n\n\n\n<p>Et si on faisait un panier de basket, les gens se drogueraient moins&nbsp;? Les architectes ont diffus\u00e9 des parcs ainsi.<\/p>\n\n\n\n<p>On peut demander des jeux pour enfants&#8230;Il est partiel.le maire doit mod\u00e9rer la pression<\/p>\n\n\n\n<p>La demande est en fait&nbsp;:&nbsp;\u00ab&nbsp;Comment tranquilliser le parc pour une meilleure exp\u00e9rience quand je m\u2019y rend, invitation \u00e0 tous les membres de la famille. Les \u00eatres humains se tranquilliseraient au contact de la nature.<\/p>\n\n\n\n<p>La colibri voit la ville comme la nature. Il vit ici et meurt ici. Le fil \u00e0 linge est comme une branche.<\/p>\n\n\n\n<p>Quand il survole la ville, il la voit comme un archipel vert<\/p>\n\n\n\n<p>Plus il y a d\u2019espaces verts pour le colibri cela va de paire avec plus de tranquillit\u00e9 &#8230;Qu\u2019il y ait alliance entre Humains\/Colibris.Les plans doivent \u00eatre \u00e0 long terme avec plus d\u2019investissements<\/p>\n\n\n\n<p>plus les gens vont visiter les parcs, plus il y aura une augmentation de bien-\u00eatre qui se diffusera.<\/p>\n\n\n\n<p>Mais quel sera ce projet&nbsp;? Pour r\u00e9pondre \u00e0 la demande, prendre l\u2019ensemble des besoins, il faut que mon parc impartial r\u00e9duise le stress et soit facile \u00e0 entretenir\u2026<\/p>\n\n\n\n<p>Autour des maisons, il se peut que le parc soit peu fr\u00e9quent\u00e9&nbsp;: il faut qu\u2019un adulte am\u00e8ne les enfants.ces deniers ne vont pas tout seuls au parc<\/p>\n\n\n\n<p>Il faut arriver \u00e0 mettre une plateforme de parcs impartiaux qui s\u2019accommode \u00e0 diff\u00e9rents projets.<\/p>\n\n\n\n<p>Tous les lieux ont des arguments pour cr\u00e9er des alliances. Cela va d\u00e9pendre de la politique. Dans toutes les villes , ce sont des alliances publique\/priv\u00e9 . Les territoires sont des espaces priv\u00e9s avec une r\u00e9glementation publique.<\/p>\n\n\n\n<p>A Paris, Londres, certains parcs ne sont pas publics. Ceux de Paris ferment, ce qui est impensable au Costa Rica.L\u2019acc\u00e8s est synonyme de libert\u00e9, cela d\u00e9pend de chaque l\u00e9gislation.<\/p>\n\n\n\n<p>Bien ou pas bien doit accompagner la demande r\u00e9aliste. La gouvernance devrait cr\u00e9er un syst\u00e8me de capacit\u00e9 plus qu\u2019am\u00e9liorer le gouvernement local. On pourrait compter sur ce que peuvent faire les diff\u00e9rents acteurs locaux.<\/p>\n\n\n\n<p>L\u2019\u00e9change s\u2019est termin\u00e9 vers 20h<\/p>\n","protected":false},"excerpt":{"rendered":"<p>La vendredi 23 mai 2025. Voici une prise de notes faite en direct. Merci \u00e0 la scriptrice ! Edgar Mora, ancien ministre de l&rsquo;\u00e9ducation au Costa Rica et maire de Curridabat, une ville o\u00f9 il a fait reconna\u00eetre un statut de citoyennet\u00e9 aux abeilles. Ceci et ses autres actions lui ont valu d&rsquo;\u00eatre reconnu et &hellip; <\/p>\n<p class=\"link-more\"><a href=\"https:\/\/vlap.fr\/labrassviedejupilles\/rencontre-avec-edgar-mora\/\" class=\"more-link\">Continuer la lecture<span class=\"screen-reader-text\"> de &laquo;&nbsp;Rencontre avec Edgar Mora&nbsp;&raquo;<\/span><\/a><\/p>\n","protected":false},"author":4,"featured_media":0,"parent":0,"menu_order":0,"comment_status":"closed","ping_status":"closed","template":"","meta":{"footnotes":""},"class_list":["post-2234","page","type-page","status-publish","hentry"],"_links":{"self":[{"href":"https:\/\/vlap.fr\/labrassviedejupilles\/wp-json\/wp\/v2\/pages\/2234","targetHints":{"allow":["GET"]}}],"collection":[{"href":"https:\/\/vlap.fr\/labrassviedejupilles\/wp-json\/wp\/v2\/pages"}],"about":[{"href":"https:\/\/vlap.fr\/labrassviedejupilles\/wp-json\/wp\/v2\/types\/page"}],"author":[{"embeddable":true,"href":"https:\/\/vlap.fr\/labrassviedejupilles\/wp-json\/wp\/v2\/users\/4"}],"replies":[{"embeddable":true,"href":"https:\/\/vlap.fr\/labrassviedejupilles\/wp-json\/wp\/v2\/comments?post=2234"}],"version-history":[{"count":1,"href":"https:\/\/vlap.fr\/labrassviedejupilles\/wp-json\/wp\/v2\/pages\/2234\/revisions"}],"predecessor-version":[{"id":2235,"href":"https:\/\/vlap.fr\/labrassviedejupilles\/wp-json\/wp\/v2\/pages\/2234\/revisions\/2235"}],"wp:attachment":[{"href":"https:\/\/vlap.fr\/labrassviedejupilles\/wp-json\/wp\/v2\/media?parent=2234"}],"curies":[{"name":"wp","href":"https:\/\/api.w.org\/{rel}","templated":true}]}}